**3 + 928*k**2 + 314*k + 1529. Calculate d(-309).
-16
Let s(t) = -t**3 - 71*t**2 - 1111*t + 384. What is s(-43)?
-3615
Let a(g) = -1753*g + 31563. Determine a(18).
9
Let c(j) = j**2 - 5494*j + 71249. Calculate c(13).
-4
Let o(y) = -y**3 + 22*y**2 - 515*y + 10399. What is o(21)?
25
Let r(n) = -n**3 + 13*n**2 + 210*n - 2710. What is r(15)?
-10
Let g(i) = -i**3 + 428*i**2 - 2508*i - 10142. Determine g(422).
-14
Let t(d) = -d**3 + 15*d**2 + 307*d - 4653. Calculate t(16).
3
Let s(z) = 13907*z - 1585390. What is s(114)?
8
Let m(z) = -z**2 + 146*z + 2186. Determine m(156).
626
Let c(h) = h**3 + 270*h**2 - 5479*h + 3465. Determine c(-289).
-3
Let n(y) = 80570*y - 241720. Determine n(3).
-10
Let n(r) = 6729*r + 60557. Calculate n(-9).
-4
Let j(s) = 212*s - 83422. Give j(394).
106
Let o(m) = 263*m**2 - 159664*m + 13958. Determine o(607).
-3
Let c(x) = -42*x**2 - 1120*x + 27061. Determine c(-42).
13
Let n(s) = -4705*s - 282584. Give n(-60).
-284
Let c(s) = 2*s**3 - 445*s**2 + 2218*s - 4. Calculate c(5).
211
Let d(q) = 5*q**2 + 73*q + 24. Determine d(-11).
-174
Let b(f) = 501*f - 96590. What is b(193)?
103
Let s(f) = f**3 - 38*f**2 + 107*f + 2656. Determine s(32).
-64
Let p(c) = -8*c**3 - 239*c**2 - 24*c - 1604. Give p(-30).
16
Let r(p) = -44589*p - 1872825. What is r(-42)?
-87
Let n(l) = 3829*l**2 - 65091*l - 33. Give n(17).
1
Let d(n) = n**3 + 423*n**2 + 26106*n + 2084. What is d(-348)?
-4
Let k(p) = p**2 - 594*p + 5351. Calculate k(9).
86
Let g(a) = -105190*a - 631308. Give g(-6).
-168
Let w(x) = -3539*x - 1125403. Calculate w(-318).
-1
Let c(s) = 6652*s + 19948. Calculate c(-3).
-8
Let c(x) = -x**3 - 5*x**2 + 334*x + 520. Determine c(-20).
-160
Let l(q) = 4*q**2 + 1134*q + 53320. Calculate l(-224).
8
Let m(o) = 102*o + 11465. Give m(-105).
755
Let a(n) = -203424*n - 10374636. Calculate a(-51).
-12
Let v(c) = 7*c**3 - 10*c**2 + 20*c - 18. Give v(0).
-18
Let c(g) = 79*g - 4032. Calculate c(63).
945
Let l(n) = -42278*n + 1395187. What is l(33)?
13
Let g(b) = -5*b**2 - 4724*b + 14179. Determine g(3).
-38
Let y(w) = -4386*w - 2148997. What is y(-490)?
143
Let w(b) = -550*b + 21564. Determine w(39).
114
Let x(u) = 4660*u - 200397. Calculate x(43).
-17
Let d(h) = 70*h**3 - 101*h**2 + 221*h - 46. Give d(2).
552
Let i(x) = -47*x**3 + x**2 + 2313*x - 2315. Give i(1).
-48
Let q(u) = -u**3 + 57*u**2 + 2827*u - 161550. Calculate q(55).
-15
Let m(s) = -s**2 - 2151*s - 42626. Calculate m(-20).
-6
Let g(i) = 5093*i - 1263149. Give g(248).
-85
Let a(r) = 87562*r - 612912. Determine a(7).
22
Let r(c) = 2*c**3 - 28*c**2 - 246*c + 31. Calculate r(-7).
-305
Let i(a) = -156*a - 6631. Give i(-41).
-235
Let w(h) = 4020*h + 221181. Calculate w(-55).
81
Let x(n) = 154*n + 3183. Determine x(-12).
1335
Let i(p) = 336*p + 2008. Give i(-6).
-8
Let q(j) = 1163890*j - 26769474. What is q(23)?
-4
Let l(c) = 33*c**2 - 818*c + 22. What is l(24)?
-602
Let x(j) = -j**3 - 188*j**2 - 7227*j + 401. Determine x(-54).
-85
Let j(u) = -5681*u - 2423. Give j(-1).
3258
Let a(c) = -53328*c + 2933045. Determine a(55).
5
Let i(k) = k**3 + 85*k**2 + 262*k - 309. Calculate i(-4).
-61
Let j(l) = l**3 + 31*l**2 - 106*l + 272. Give j(-34).
408
Let y(f) = -f**2 - 70*f + 720. What is y(12)?
-264
Let j(q) = 7*q**2 + 167*q + 2399. Give j(-18).
1661
Let x(o) = -o**3 + 33*o**2 + 75*o - 383. Give x(11).
3104
Let i(c) = -c**3 + 55*c**2 + 1360*c - 3357. Give i(73).
1
Let p(u) = -22818*u - 22823. Determine p(-1).
-5
Let z(s) = 2*s**3 - 9*s**2 - 79*s - 86. What is z(-4)?
-42
Let p(q) = -439963*q + 1319822. Give p(3).
-67
Let l(f) = -26*f**3 + 6*f**2 + 22*f. Calculate l(-3).
690
Let h(x) = 3*x**2 + 11*x - 88. Determine h(-7).
-18
Let z(x) = 5*x**2 - 76*x - 2142. Calculate z(30).
78
Let r(j) = -j**2 + 51*j - 737. Calculate r(29).
-99
Let t(f) = f**3 + 195*f**2 - 840*f - 8776. Give t(-199).
-20
Let n(w) = -w**3 + 506*w**2 + 1522*w + 1932. What is n(509)?
-613
Let d(o) = -623*o + 24362. What is d(39)?
65
Let s(u) = -29*u**2 + 110*u + 1012. Give s(-10).
-2988
Let x(u) = u**2 + 266*u - 8249. What is x(-294)?
-17
Let p(a) = -154*a - 3631. What is p(-28)?
681
Let p(g) = 4*g**2 - 237*g - 34. Calculate p(61).
393
Let v(n) = 9*n**2 - 3608*n + 21696. Calculate v(6).
372
Let n(i) = -1646*i + 54333. Calculate n(33).
15
Let c(w) = 2894*w**2 + 34733*w + 53. What is c(-12)?
-7
Let l(c) = -2*c**2 - 28913*c - 4885640. Calculate l(-171).
1
Let v(y) = 18534*y + 1074975. Determine v(-58).
3
Let b(l) = 2*l**2 - 869*l - 106902. Determine b(-100).
-2
Let o(w) = 2*w**3 + 4*w**2 - 122*w + 35. Give o(0).
35
Let x(l) = 189*l - 9177. Give x(55).
1218
Let j(z) = z**3 + 9*z**2 + 4222*z + 25301. What is j(-6)?
77
Let m(j) = 2388*j - 68887. Determine m(29).
365
Let s(q) = 3*q**2 - 419*q - 520. Calculate s(141).
44
Let c(j) = j**3 + 17*j**2 - 4091*j - 62. What is c(56)?
-230
Let v(m) = -m**3 + 201*m**2 - 462*m + 52395. What is v(200)?
-5
Let l(c) = -c**3 - 1442*c**2 + 2091614*c + 899. Calculate l(895).
4
Let a(s) = -687*s + 4979. Give a(7).
170
Let l(r) = -12936*r + 466000. What is l(36)?
304
Let m(k) = -k**3 - 137*k**2 - 4656*k - 1527. Determine m(-76).
-7
Let b(q) = -q**3 + 17*q**2 - 2*q - 107. Give b(3).
13
Let x(i) = -317*i**3 + 12*i**2 + 6*i - 17. Calculate x(1).
-316
Let y(o) = 214*o + 16910. Give y(-82).
-638
Let y(b) = -b**3 - 25*b**2 - 187*b - 379. What is y(-9)?
8
Let k(f) = -1247*f + 135735. Calculate k(109).
-188
Let y(o) = 80068*o - 320243. Give y(4).
29
Let t(q) = 14998*q + 854873. Determine t(-57).
-13
Let w(q) = 55101*q + 1377487. Determine w(-25).
-38
Let t(a) = 97*a**2 - 1238*a - 219. Determine t(13).
80
Let z(r) = -8913*r - 169309. Calculate z(-19).
38
Let w(j) = -j**2 + 127469*j + 6631087. Calculate w(-52).
-5
Let b(w) = 1555*w + 21805. Determine b(-14).
35
Let n(b) = -b**3 - 296*b**2 - 8221*b - 1557. Give n(-265).
33
Let j(x) = -835*x - 19586. Give j(-25).
1289
Let k(p) = 78*p**2 - 53*p - 485. Calculate k(-4).
975
Let h(t) = -t**3 + 33*t**2 + 255*t - 21. Give h(-6).
-147
Let n(l) = -l**3 - 153*l**2 - 1185*l - 202. Give n(-8).
-2
Let u(w) = 2802*w + 397872. Calculate u(-142).
-12
Let l(o) = 51269*o - 205049. What is l(4)?
27
Let h(b) = 426*b + 21504. Give h(-48).
1056
Let y(v) = -133*v + 1806. Determine y(19).
-721
Let d(c) = -6*c**3 - 3*c**2 + 2550*c + 12067. Calculate d(-5).
-8
Let f(g) = g**3 - 325*g**2 - 76946*g - 4831. What is f(484)?
9
Let r(x) = 97*x + 3671. Calculate r(-41).
-306
Let y(l) = -14*l - 4932. Determine y(123).
-6654
Let h(c) = 2096*c - 186534. What is h(89)?
10
Let q(r) = 484*r - 106618. Give q(216).
-2074
Let m(b) = -b**3 + 13*b**2 - 249*b + 2500. Calculate m(11).
3
Let a(r) = -r**2 - 343*r + 12637. Give a(32).
637
Let n(s) = 13*s**2 - 7649*s - 166363. Calculate n(-21).
-1
Let w(k) = -421*k**2 - 2530*k + 7574. What is w(3)?
-3805
Let u(v) = 71188*v + 711888. Give u(-10).
8
Let v(m) = -14*m**2 - 199*m - 983. Determine v(-5).
-338
Let b(z) = -5*z**2 - 70*z + 803. What is b(7)?
68
Let k(g) = -13*g**3 - 187*g**2 + 101*g - 232. What is k(-15)?
53
Let v(i) = 17216*i - 171093. Calculate v(10).
1067
Let p(f) = 15*f**3 + 669*f**2 - 325*f + 113. What is p(-45)?
2588
Let n(y) = -y**3 + 58*y**2 + 263*y + 3252. Give n(63).
-24
Let z(p) = -32699*p + 5624225. Give z(172).
-3
Let x(d) = -18*d**2 + 631*d - 1252. What is x(2)?
-62
Let t(y) = -2*y**3 + 110*y**2 + 270*y - 14858. Determine t(55).
-8
Let m(p) = p**2 + 145*p - 19176. Determine m(-224).
-1480
Let m(c) = 12*c**2 - 370*c - 4003. Give m(-11).
1519
Let t(l) = 704*l**2 + 6744*l + 3674. Determine t(-9).
2
Let h(y) = 25341*y + 3826476. Calculate h(-151).
-15
Let b(r) = 80*r**3 + 51*r**2 - 49*r - 2. Give b(1).
80
Let x(m) = m**3 + 56*m**2 + 124*m + 4148. What is x(-55)?
353
Let i(m) = 10*m**3 - 2*m**2 + 30*m - 61. Determine i(0).
-61
Let t(w) = 19*w**3 + 22*w**2 - 183*w + 309. What is t(6)?
4107
Let u(m) = 27*m**2 + 949*m + 313. Determine u(-35).
173
Let z(f) = -f**2 - 2104*f - 12595. Calculate z(-6).
-7
Let r(a) = 23933*a + 1100912. What is r(-46)?
-6
Let n(f) = 814292*f - 41. Determine n(0).
-41
Let w(j) = 869*j - 286763. Calculate w(330).
7
Let q(c) = -2*c**3 + 32*c**2 - 226*c + 5397. Give q(18).
33
Let l(h) = 657*h - 2347. Determine l(3).
-376
Let i(k) = -k**2 + 491*k - 20652. Give i(47).
216
Let y(m) = -2*m**3 - 171*m**2 + 480*m + 3529. Determine y(-88).
9
Let g(b